2604355 (base 7) to base 10
-337699
What is -130674 (base 10) in base 11?
-8a1a5
Convert -10202011020 (base 3) to base 13.
-27747
What is -246133 (base 13) in base 9?
-1565644
412114320 (base 5) to base 8
6311662
What is 1110220133 (base 4) in base 6?
11232515
What is 2a8140 (base 16) in base 6?
135412144
Convert 29ac6 (base 14) to base 2.
11001010011101110
Convert -14012441 (base 6) to base 10.
-468457
What is b696d (base 16) in base 10?
747885
What is -65270 (base 10) in base 11?
-45047
3040332410 (base 5) to base 16
5e5a38
Convert -44550142 (base 7) to base 3.
-21021011010211
What is -532e10 (base 15) in base 8?
-17063611
Convert -2000202101001 (base 3) to base 11.
-676798
Convert 12687 (base 16) to base 7.
432552
Convert -12335313 (base 7) to base 12.
-45b229
Convert 78b95 (base 13) to base 8.
654534
Convert 410c4 (base 15) to base 7.
1515520
Convert -3c638 (base 13) to base 8.
-334724
120211100022012 (base 3) to base 14
118d55d
-1131013 (base 4) to base 12
-3547
Convert 72394 (base 11) to base 7.
616626
-320152 (base 13) to base 7
-12645454
Convert 12455747 (base 8) to base 16.
2a5be7
Convert 321201012 (base 4) to base 9.
388146
135520245 (base 6) to base 15
3a2e02
What is -144355 (base 8) in base 7?
-302651
Convert 18a2 (base 14) to base 10.
4454
What is 5cb0 (base 16) in base 9?
35484
7b9f8 (base 16) to base 6
14504132
What is 8745356 (base 9) in base 11?
2717511
What is 79309 (base 12) in base 10?
161145
What is -3702666 (base 8) in base 6?
-33445330
2c3c4 (base 16) to base 11
114147
Convert -100100000110101 (base 2) to base 7.
-104615
What is 101001111001001100000 (base 2) in base 9?
2522067
Convert 21341311 (base 5) to base 4.
230322110
Convert 45220667 (base 8) to base 11.
5575a76
Convert -108790 (base 12) to base 5.
-31420042
-10202222202122 (base 3) to base 13
-553988
Convert 2022112000211 (base 3) to base 12.
4b417a
Convert -3aa67 (base 12) to base 2.
-10011110001101111
-10120100222 (base 3) to base 11
-48867
-711165 (base 8) to base 13
-8272a
Convert -65105 (base 9) to base 16.
-a859
Convert 33465400 (base 8) to base 4.
123212230000
What is -1727123 (base 10) in base 8?
-6455223
-24461 (base 16) to base 8
-442141
What is -38074 (base 11) in base 9?
-82864
Convert 34ba3 (base 14) to base 7.
1043463
Convert -a273 (base 13) to base 9.
-33651
184388 (base 13) to base 7
5115026
What is 33212300013 (base 4) in base 12?
14534b3
-1071397 (base 10) to base 6
-34544101
Convert 11111100101010011 (base 2) to base 14.
35203
What is 1871549 (base 10) in base 4?
13020322331
Convert 1422445 (base 7) to base 11.
120218
Convert a8048b (base 14) to base 8.
25542313
-501d5 (base 14) to base 6
-4043011
What is 1bed8 (base 15) in base 2?
10110001111011111
Convert -212036213 (base 7) to base 2.
-110000000011101000110100
What is -1001010111100110 (base 2) in base 4?
-21113212
Convert 33327713 (base 8) to base 15.
96ed87
-14624416 (base 7) to base 16
-156214
What is 63cf7d (base 16) in base 14?
c23b53
Convert -566480 (base 10) to base 16.
-8a4d0
-29a0 (base 14) to base 8
-16340
Convert -13000322203 (base 4) to base 5.
-432320010
Convert 7706b1 (base 12) to base 4.
13030323211
What is 201022211102022 (base 3) in base 16?
9cb9d2
b215a (base 12) to base 11
149147
Convert 22020221221 (base 3) to base 10.
162538
5588 (base 14) to base 4
3213210
122210110021 (base 3) to base 7
2656066
Convert -2310302213 (base 4) to base 12.
-2b865b
Convert 11202120222212 (base 3) to base 8.
11517414
Convert 100112121210 (base 3) to base 7.
1411353
-321220220 (base 4) to base 15
-49e32
131825 (base 9) to base 6
1414552
Convert 1a2966d (base 14) to base 11.
7387048
Convert 13433267 (base 8) to base 4.
23203122313
-132120010130 (base 4) to base 14
-10b3d12
What is 1001100111001111000 (base 2) in base 16?
4ce78
What is -4a78a3 (base 11) in base 14?
-16bcb2
What is -1924412 (base 11) in base 10?
-3256123
-a45157 (base 11) to base 13
-468a84
Convert 31100230 (base 4) to base 8.
152054
-103319 (base 15) to base 6
-24301423
-746682 (base 10) to base 12
-300136
What is -a8345 (base 11) in base 9?
-260006
-1430023313 (base 5) to base 9
-7047334
Convert -1012112103 (base 4) to base 12.
-11a903
10041433 (base 8) to base 10
2114331
60079 (base 13) to base 16
29dca
What is -4434066 (base 7) in base 2?
-10000101011010001111
What is 1664623 (base 10) in base 13?
4638ac
What is -2010211202101 (base 3) in base 2?
-100010101111101010111
What is 247304 (base 9) in base 10?
149692
What is 545205 (base 12) in base 4?
11012023211
-a314e (base 16) to base 9
-1227262
Convert 10330330302 (base 4) to base 11.
807416
-10100011010001010110 (base 2) to base 11
-4174a2
-1002433 (base 6) to base 2
-1011100010010101
Convert 1213254531 (base 6) to base 8.
64745167
-221220200210 (base 3) to base 14
-d3c62
What is 34583a (base 11) in base 4?
2012020013
-22022020111122 (base 3) to base 15
-5c2b8e
What is -17052641 (base 9) in base 7?
-132366445
-12230330003 (base 4) to base 6
-101353535
What is 243041 (base 5) in base 11?
6965
-a1874 (base 14) to base 9
-652018
What is -14280 (base 12) in base 7?
-144504
What is 3258656 (base 9) in base 12?
7057a3
Convert -597b (base 16) to base 11.
-16235
-10013254 (base 6) to base 9
-468727
What is -242114615 (base 7) in base 3?
-1001101010210222
What is -55bea9 (base 15) in base 4?
-33212221002
Convert 1000020012011 (base 3) to base 16.
82d92
What is -10100100001110101001110 (base 2) in base 4?
-110201311032
Convert 34404432 (base 5) to base 4.
1023223220
Convert 52152201 (base 6) to base 8.
5600651
Convert 61165305 (base 7) to base 16.
4db293
Convert 31c83 (base 16) to base 13.
71a72
340a18 (base 13) to base 7
13311344
What is -271412 (base 8) in base 14?
-2688a
-3671101 (base 11) to base 5
-3113304204
-1001001100110000010 (base 2) to base 11
-196529
What is 101100100101000110010 (base 2) in base 3?
2202012211012
1100011011011001001100 (base 2) to base 16
31b64c
What is -d482d (base 14) in base 2?
-1111100111111111001
Convert 1414323200 (base 5) to base 2.
1101111111010101100100
Convert -20244166 (base 9) to base 12.
-3305189
What is 173527 (base 8) in base 10?
63319
What is c99be (base 15) in base 14?
12939d
What is -156506 (base 7) in base 13?
-1121c
-1004322 (base 5) to base 15
-4c0c
Convert 84e (base 16) to base 14.
abc
What is 12353015 (base 6) in base 12?
17576b
444444330 (base 6) to base 16
7b049e
Convert 1011212121 (base 3) to base 13.
a765
Convert 1a76910 (base 12) to base 3.
101121002110110
-524415 (base 11) to base 5
-203342421
31e52c (base 15) to base 16
2445cf
What is -1091824 (base 10) in base 15?
-168784
Convert -12200001022201 (base 3) to base 2.
-1011011111011101101111
1a6e9 (base 15) to base 16
14fb8
What is -15b71a (base 13) in base 14?
-100859
What is 835804 (base 10) in base 12?
343824
Convert -1011221110001 (base 3) to base 10.
-628723
Convert 2314315 (base 7) to base 9.
481284
Convert -221222101 (base 3) to base 2.
-100100111111001
3054354 (base 8) to base 4
3011203230
-1566b (base 14) to base 10
-53407
-1100000110010001 (base 2) to base 10
-49553
What is 83ecbc (base 15) in base 10?
6277002
What is -210020102 (base 3) in base 13?
-707c
Convert -8765018 (base 9) to base 10.
-4707899
Convert 110100222012 (base 3) to base 8.
733410
What is -2122221122200 (base 3) in base 14?
-28c16b
72475 (base 12) to base 8
443431
What is -10100001010001110 (base 2) in base 8?
-241216
11220210120022 (base 3) to base 5
1132121003
What is 690ffa (base 16) in base 9?
13853851
-66150450 (base 8) to base 2
-110110001101000100101000
Convert 4a916 (base 13) to base 10.
137754
-17a307 (base 12) to base 2
-1100100100000110111
60446 (base 11) to base 3
11111020100
What is 150414 (base 9) in base 5?
10422231
What is 1230310410 (base 5) in base 7?
34214465
-1014144525 (base 6) to base 7
-155513102
Convert 100011111022220 (base 3) to base 14.
90b426
What is -551665 (base 12) in base 16?
-149b6d
1793d (base 16) to base 8
274475
-22334053 (base 6) to base 5
-133300142
Convert -ecd70c (base 15) to base 3.
-210020022000210
What is 1052354350 (base 6) in base 13?
25327bc
What is 988da (base 15) in base 10?
484630
What is -1388805 (base 13) in base 15?
-8237a9
What is 233060 (base 10) in base 11?
14a113
Convert -1579863 (base 10) to base 5.
-401023423
What is -197138 (base 10) in ba